 highest common divisor of f and 9?
9
Let k = 2 - 1. Let z = -100 - -102. Suppose 4*l + 0*f - 51 = 3*f, -z*f = -3*l + 37. What is the greatest common divisor of k and l?
1
Let x = -149 + 179. Calculate the greatest common divisor of x and 210.
30
Let g = -89 - -101. What is the greatest common factor of g and 3?
3
Let l = 1202 - 1190. Calculate the highest common factor of l and 39.
3
Let b be (2 + -10 + -3)/((-1)/118). Calculate the greatest common divisor of b and 22.
22
Let g(f) = 44*f + 47. Let j be g(-1). Calculate the highest common factor of 7 and j.
1
Let o be -2 - -2*16 - (17 + -16). Let f(b) = b**2 + 9*b - 23. Let z be f(4). What is the greatest common divisor of o and z?
29
Let w(s) be the second derivative of 0 + 9*s + 1/2*s**2 + 1/6*s**3. Let h be w(15). What is the greatest common factor of 80 and h?
16
Let i(r) = -r**2 - 18*r - 18. Let z be i(-16). Let f = z - 10. What is the highest common factor of 4 and f?
4
Let u(f) = -2*f + 8. Let r be u(2). Let i = r - -6. Calculate the greatest common divisor of 20 and i.
10
Suppose -2*f + 528 = -4*m, -4*f - 12*m + 1068 = -16*m. What is the greatest common factor of 10 and f?
10
Let h(r) = 2*r**3 - 3*r**2 + 2*r + 1. Let v be h(2). Let w(d) = v*d + 9*d - 2 - d - 9. Let o be w(16). What is the greatest common factor of o and 29?
29
Let y = 1457 - 1451. Calculate the highest common divisor of 70 and y.
2
Let x = 85 - -27. Let p(z) = -z**3 + 19*z**2 - 4*z + 19. Let d be p(19). Let l = -41 - d. Calculate the highest common divisor of x and l.
16
Let r(j) = -j**2 + 41. Let v be r(6). Suppose -5*c + 9*c + 16 = 2*t, -4*t - v*c = -32. What is the greatest common factor of 2 and t?
2
Let s = 15 + -24. Let x(a) = -2*a - 8. Let u be x(s). Calculate the highest common factor of u and 90.
10
Let p(h) = h**3 - h + 25. Let x be p(0). Suppose -16*z + 109 = 29. Calculate the greatest common divisor of z and x.
5
Let r = 19 - 15. Suppose 3*u - 177 = -5*c + 549, 0 = 3*c + r*u - 440. Suppose 0*q = 4*q - c. What is the greatest common factor of q and 54?
18
Let i(b) = 6*b + 13. Let g be i(0). Let f(n) = 38*n + 1. Let d be (2 + -1)/(3/3). Let c be f(d). What is the greatest common factor of c and g?
13
Let r(p) = 4*p**3 + 4*p. Let w be r(3). Suppose 5*o + 5*z - 36 = 89, 0 = -2*o - 3*z + 51. What is the highest common factor of o and w?
24
Let f(w) = 30*w**2 + 6*w - 5. Let x be f(5). Suppose 0 = 5*k - m - x, m + 155 = k - 3*m. What is the greatest common divisor of 62 and k?
31
Suppose -3*u + 1479 - 9 = 0. Suppose u = -5*v + 2530. What is the greatest common divisor of v and 51?
51
Let d = 523 + -81. Calculate the highest common factor of d and 52.
26
Let g be ((-10)/(-2))/(-2 + 3). Let o be 342/66 + 8/(-44). Suppose 4*w + w - g = 0, 4*k - o*w = 59. Calculate the highest common divisor of 16 and k.
16
Let p = -85 - -89. Suppose -3*t + 34 = 4*h - 0*t, 3*h + p*t = 29. What is the greatest common divisor of h and 77?
7
Let v = -1147 + 1177. Suppose t - 3*g = 2*t - 26, 5*t - g = 98. What is the highest common factor of v and t?
10
Suppose z - 8 - 6 = -2*d, -5*z - 20 = 0. Suppose -d*t + 11*t = 48. Calculate the highest common factor of t and 96.
24
Let u be 1 + (-1)/1 - -35. Suppose -32 - 10 = 6*n. Let z = u + n. Calculate the highest common factor of 4 and z.
4
Let j(f) = 8*f - 21. Suppose -4*g + g = 2*a - 25, -30 = -2*g - 4*a. Let d be j(g). Let m = 129 - -80. Calculate the highest common divisor of m and d.
19
Let n(o) = 15*o**3 - 13*o + 9. Let k be n(3). Calculate the greatest common divisor of k and 15.
15
Let l be (-2)/(-4*2/8). Calculate the highest common divisor of l and 2.
2
Suppose -15*u + 10897 + 1718 = 0. Calculate the highest common divisor of 58 and u.
29
Suppose 0 = -3*q - 38 + 47. Suppose 5*j + 0*j - 20 = 0, -2*m = -q*j - 6. What is the greatest common divisor of 72 and m?
9
Let m(k) = 11*k**3 - 3*k + 2. Let v be m(1). Calculate the highest common divisor of 15 and v.
5
Let j = 140 - -12. What is the highest common divisor of j and 114?
38
Suppose -4*o + 5*x + 572 = 0, 3*x - 143 = -19*o + 18*o. What is the greatest common factor of o and 65?
13
Let t = 18 - 32. Let x be 2/7 - 1886/t. What is the greatest common divisor of 15 and x?
15
Let o(z) = -z**3 + 46*z**2 + 199*z + 62. Let j be o(50). What is the greatest common divisor of j and 2676?
12
Suppose -4*j + 0*j = 4*f - 60, 5*f - 73 = -4*j. What is the highest common factor of 403 and f?
13
Let y be (259/2)/((-1)/(-2)) + -3. Calculate the greatest common factor of y and 640.
128
Let k(h) = 10*h**2 - 15*h - 25. Let x be k(9). What is the highest common divisor of 250 and x?
50
Let r(m) = 155*m + 1. Let h(a) = -52*a. Let k(i) = 7*h(i) + 2*r(i). Suppose -3 = q - 1. Let c be k(q). What is the highest common divisor of 10 and c?
10
Suppose 26*h - 682 = -36*h. Calculate the highest common divisor of 88 and h.
11
Suppose 22*q - 24*q = -5*h + 143, 88 = 4*h + 5*q. What is the greatest common divisor of h and 144?
9
Suppose t + 0*t + 15 = 0. Let m = -3 - t. Suppose -12 - m = -2*d. What is the highest common divisor of 60 and d?
12
Suppose -5*a - 5*d = 44 - 599, a - 107 = 3*d. What is the highest common divisor of a and 25?
5
Let d be -10*(-21)/6 + 0. Suppose -f + 3*t + 34 = 14, 2*t + 30 = 4*f. What is the highest common factor of d and f?
5
Let g = -67 + 79. Suppose -o + 1296 = 3*o. Suppose q - o = -2*q. What is the greatest common factor of g and q?
12
Let x = 4 + 2. Suppose 33*u - 387 = -14*u + 4*u. Calculate the greatest common divisor of x and u.
3
Let h(t) = -t**3 + t**2. Let v(b) = -2*b**3 + 3*b + 259. Let o(x) = -h(x) + v(x). Let d be o(0). What is the highest common factor of 37 and d?
37
Let d be (-34)/(-8)*80/5. Let h(m) = m**3 - 6*m**2 - 44*m - 19. Let o be h(11). What is the highest common factor of d and o?
34
Suppose 2*h = o - 4, h + 4*h = 15. What is the greatest common divisor of 125 and o?
5
Let t be (-1215)/(-45) + 1 + 1 + 0. Calculate the highest common factor of t and 4.
1
Suppose 3*w = -m + 135, -3*m - 3*w + 72 = -327. Suppose 0 + 32 = 2*p - 2*q, -2*p + 3*q = -36. What is the highest common divisor of p and m?
12
Let l be (-4)/10 + 407/55. Let d be 3300/l - (-8)/14. Let n be d/18 + (-8)/36. Calculate the greatest common divisor of n and 65.
13
Let b = -6 + 25. Let o = 27 - b. Calculate the greatest common factor of 64 and o.
8
Let h be -1 - (-9)/(9/7). Let m = -48 + -12. Let v = 84 + m. Calculate the greatest common factor of h and v.
6
Suppose 5*t = -2*d + 32, 2*t - 6 = 2. Let l be (-2)/d*(-3 - 228). Suppose 51 = 5*b - 2*k, 0 = 4*b + 4*k - 52. What is the highest common divisor of l and b?
11
Suppose -4*z + 8 = g - 5, -4*g = -z - 137. Let w = g - 25. Suppose i = 2*i - 20. Calculate the highest common divisor of i and w.
4
Let b = 41 + -13. Let q = b + -20. Calculate the highest common divisor of q and 8.
8
Let q(w) = -10*w + 7. Let p be q(-4). Let j = p - 14. Let s = j - 1. Calculate the greatest common factor of s and 4.
4
Suppose -3*n + 6 = -48. What is the greatest common divisor of n and 2502?
18
Let r be (-40 + 30)*(-2 - 0). Calculate the greatest common divisor of 260 and r.
20
Let v(q) = 1 + 11*q - 3*q + 3*q**2 + 7. Let y be v(-4). What is the greatest common factor of y and 40?
8
Let x(h) = h**3 + 13*h**2 - 11*h + 46. Let f be x(-14). Calculate the greatest common divisor of 44 and f.
4
Suppose 0 = 95*l - 47*l - 11760. What is the highest common factor of 833 and l?
49
Let h = -1139 + 2175. What is the greatest common factor of 112 and h?
28
Suppose 3*b + 5*a = 319, -a + 201 = -b + 3*b. Calculate the highest common divisor of b and 49.
49
Let t(a) be the second derivative of a**5/20 - 7*a**4/12 + 7*a**3/6 - 3*a**2/2 + 9*a. Let n be t(6). Calculate the highest common divisor of 1 and n.
1
Suppose -4*d + 8 + 0 = 4*t, 5*t - 10 = 4*d. Suppose 0 = 3*s - d*s - 6. Let p be s + (-3 - -21) + 0. What is the highest common divisor of p and 5?
5
Let s be ((-3465)/308)/((-2)/8). What is the greatest common factor of 27 and s?
9
Let y be (-292)/(-16) + (-1)/4. Suppose -84 - 61 = -4*v + 5*w, 5*v + 3*w - 209 = 0. Let o = v - y. Calculate the highest common factor of 198 and o.
22
Let l = 76 - 44. What is the greatest common divisor of l and 56?
8
Let k be (-1235071)/(-589) + (-2)/(-19). Calculate the greatest common factor of k and 9.
9
Let 